2068. Is y a composite number?
True
Let x(m) be the second derivative of 0 - 5/2*m**2 + 1/6*m**4 + 5/3*m**3 - 5*m. Is x(8) a prime number?
False
Suppose 3*y + 4 = -104. Is 24/y*(1338/(-4) - 0) composite?
False
Let s(z) = z**3 - 3 + 4 - 7*z - 4*z**2 - z**2 - 2. Let x be s(6). Let j(o) = -106*o - 9. Is j(x) prime?
True
Let i(n) be the third derivative of 0*n + 12*n**2 + 7/24*n**4 + 0 + 1/20*n**5 + 8/3*n**3. Is i(-15) a prime number?
False
Let n(w) be the second derivative of 23*w**3/6 - 15*w**2 + 14*w. Is n(13) prime?
True
Let h be 0 - 4*4/8. Let l = h - -2. Suppose -2*w + 0*f - 4*f + 886 = l, 452 = w - f. Is w a prime number?
True
Suppose -3*c + 563 = -5*d, -c + 2 = c. Let t = d - -371. Is t prime?
False
Suppose 279*t - 272*t - 57029 = 0. Is t a prime number?
True
Let f(j) = 119*j**2 - 30*j + 255. Is f(8) a prime number?
False
Let f(x) = -73*x + 73*x + 267*x**2 + 1 + 1. Is f(-1) a prime number?
True
Let i = -13 - -13. Suppose i = -3*j + 859 + 731. Suppose b = 3*r - 0*r - j, 0 = -r - 2*b + 179. Is r prime?
False
Suppose 23*x = 21*x + 4. Suppose -3*h - x*u = -1766, -2*h + u - 6*u + 1192 = 0. Is h a prime number?
False
Let o(d) = -97*d + 71. Let l be o(25). Let c = -939 - l. Is c prime?
False
Let h(y) = 19*y**2 + 3*y - 1. Let d be (1/1)/((-1)/15). Let k = 12 + d. Is h(k) a composite number?
True
Let u = 76 + -39. Let y = u + -18. Is y prime?
True
Suppose -3*x - 2*x + 70 = 0. Is (x + 3)*(-111)/(-3) a composite number?
True
Suppose 15*c - 1024213 = -339508. Is c prime?
False
Suppose 2*a - 4 = 3*v, -v + 2*v + 10 = 5*a. Suppose a*d = 2*o - 36, 2*o + 3*d - 32 = 4*d. Is o prime?
False
Let p(l) = 247*l - 15. Let y(o) = 82*o - 5. Let c(m) = -2*p(m) + 7*y(m). Is c(8) a composite number?
True
Let a = 15962 - -6267. Is a composite?
False
Suppose -6*d + 8*d - 4 = 0. Let r(g) be the second derivative of 2*g**4/3 + g**3/3 + g**2/2 + 3*g. Is r(d) composite?
False
Let i = 5756 + -2307. Is i composite?
False
Let f(y) = -y**3 + 4*y**2 + 7*y - 6. Let k be f(5). Let n be (-3 - (1 - k))/(-2). Is 224 - 6 - (3 + n) a prime number?
False
Let v(k) = -101*k - 48. Let x be v(-10). Suppose x + 13627 = 9*l. Is l prime?
True
Let j(a) = 10*a - 3. Let r be (-6)/(-4) + 5/10. Suppose -2*m = r*y + 2*y - 18, -3*y = 5*m + 4. Is j(y) composite?
False
Let x(c) = -c**3 + 2*c - c - 40*c**2 + 75*c**2 - 34*c**2 + 649. Is x(0) a composite number?
True
Suppose -176315 = -17*y + 70304. Is y composite?
True
Let k be 36/15 + (-6)/15. Let f be 100/3 + 1/(-3). Suppose k*h = 13 + f. Is h composite?
False
Let j be 1 - (-2)/5 - (-9)/15. Is (-1 - -2 - -2816) + j prime?
True
Suppose -3*f - 3*q + 786 = 0, -6*f + 5*q = -9*f + 792. Is f composite?
True
Let z = 6 - -3. Suppose 0 = -y + 2*s + 109, 3*s = z - 3. Is y prime?
True
Let d be 1 - 2*(-9)/(-6). Let x = -6 + 6. Is (-3 - x) + 268 + d prime?
True
Let k(u) = 4*u**2 - 55*u - 98. Is k(-29) a prime number?
True
Suppose 5*j - d - 6842 = 0, -31*d + 32*d = 3. Is j a composite number?
True
Let c = 231640 - 140795. Is c prime?
False
Suppose -3*i = -3*k - 4*i + 10948, -3*k = 2*i - 10952. Suppose 0*l + 7288 = 4*z + 2*l, 2*z - l - k = 0. Is z a prime number?
True
Let r be (-12)/(-7)*21/6. Suppose -2*f + h + 3*h = -r, 5*f - 20 = 5*h. Suppose -2*t + f*t - 3*p = 72, 3*t - 64 = -p. Is t prime?
False
Let x(d) = d**2 - 3*d - 24. Let n be x(7). Suppose 3*u + 407 = n*u. Is u composite?
True
Suppose 0 = s - 6*s. Suppose 0 = 5*p - 4*u - 3138, -4*p + 4*u + 2512 = -s*u. Let t = p - 403. Is t composite?
False
Let d be (-30 - -32)/(1 + 1). Is (-2)/(-6)*d + (-190596)/(-18) a composite number?
False
Let v be 220/(-15) + (-14)/6 + 2. Is 5/(v/(-4746)) - 3 a composite number?
False
Is (8/(64/(-36968)))/(-1) a prime number?
True
Suppose 2*c - 54186 - 22892 = 0. Is c a prime number?
False
Let x(b) = 15*b**2 - 6*b - 4. Suppose 0 = -q + 3*q - 4. Suppose q*g = 3 + 7. Is x(g) a prime number?
False
Suppose 5*l + 465678 = 4*d, -d - 5*l + 147190 = 30783. Is d a prime number?
False
Let y(s) be the third derivative of 7/120*s**6 - 3*s**2 + 0*s + 0 + 1/3*s**3 - 1/3*s**4 + 1/20*s**5. Is y(4) a composite number?
True
Let v = -12 - -12. Suppose v*y = -3*y + 6. Suppose 5*p - 90 = g, 4*p + y = 2*g + 68. Is p prime?
True
Suppose 36 = c + 3*c - 2*x, -c - x + 3 = 0. Let k = -5 + c. Is k a composite number?
False
Let l(g) = 14*g**2 + 3*g. Let t = -11 - -1. Let c = t - -5. Is l(c) composite?
True
Let s(z) = -49*z**2 - 11*z + 9. Let j(b) = -24*b**2 - 5*b + 4. Let i(c) = 7*j(c) - 4*s(c). Is i(5) a composite number?
True
Let p(s) be the second derivative of 2*s**5/5 - s**4/6 - s**3/6 - 2*s**2 + 10*s. Is p(3) prime?
True
Let h = -1092 + 1679. Is h a prime number?
True
Suppose 5*m = -2*y + 44427, -4*m + 44439 = m - y. Is m composite?
False
Let u = 9122 - -4181. Is u a composite number?
True
Let s = -1516 - -7095. Is s a prime number?
False
Let a = 51 - 54. Is ((-1346)/12*-2)/((-1)/a) a composite number?
False
Let u be 4/6 + 68/(-12). Is (-4 + -1)*211/u composite?
False
Let a be 2/(-4 + (2 - -3)). Is a/(788/(-263) + 3) - 3 composite?
False
Let c(n) = -137*n - 134*n + 69*n + 23 - 28*n. Is c(-6) prime?
False
Suppose 3*k - 268569 = -78960. Is k prime?
False
Let s = 2847 - 1408. Is s composite?
False
Let n(k) = -145*k + 20. Is n(-5) prime?
False
Let i = 58847 + -40998. Is i prime?
False
Let l = -137 - 188. Suppose 0*m + 3*m - 1764 = 0. Let n = l + m. Is n a composite number?
False
Suppose 0 = 4*l + x + 34 + 41, -2*x - 24 = l. Let r be l/1*(-4)/(-6). Is (-705)/r + (-1)/(-4) a composite number?
False
Let r(v) = v**2 - v - 8. Suppose -z = -0*z. Suppose -f - 3*l + z*l + 21 = 0, -3*f - 2*l + 28 = 0. Is r(f) composite?
True
Is 11558*(-6)/4*(-7)/21 prime?
True
Is (8 - 10) + 6 + 3729 prime?
True
Let p(n) = -6*n + 21. Let s be p(6). Let q = 90 + s. Let z = q + -38. Is z prime?
True
Suppose 0 = 12*x - 15*x - 6348. Is (-1)/(-1 - x/2118) a composite number?
True
Let u(n) be the first derivative of n**3 + 13*n**2 - 27*n + 26. Is u(20) prime?
True
Suppose 10*u = 18*u - 100856. Is u composite?
True
Let g = 99 + -110. Let z(a) = -5*a**3 - 15*a**2 + 10*a - 9. Is z(g) composite?
False
Let f = 19 - 11. Suppose -5*i = 4*x + 484, -i - 4*x - 116 = -f*x. Is (-91860)/i + 4/10 composite?
False
Suppose 5*d - 2*g + 1876 = 0, -4*d - d + 3*g = 1874. Let z be (-8)/12 + 1897/(-3). Let j = d - z. Is j a composite number?
False
Let h(i) = 3382*i - 145. Is h(9) prime?
True
Let u(c) = 136*c**2 - 3*c - 5. Let r = 19 + -21. Is u(r) prime?
False
Let a = -14 - -5. Let m be 53/(-3) + 3/a. Is (m/12)/(1/(-74)) composite?
True
Suppose -3*u - 110 = -35. Is 8490/8 - u/(-100) a composite number?
False
Let u be ((-40)/90)/(4/(-18)). Suppose 3*d - 1097 = -u*b, -5*b = 4*d - 922 - 543. Is d a composite number?
True
Let b(j) = j + 4. Let l(w) = -2*w + 16. Let o be l(8). Let h = 3 + o. Is b(h) a composite number?
False
Let k(z) = -32140*z**3 - z**2 - 4*z - 2. Is k(-1) a composite number?
False
Let z = 16 - 13. Suppose -5 - 25 = z*f. Is 165/9 + f/(-15) prime?
True
Let c(y) = -9127*y + 22. Is c(-3) prime?
False
Suppose 3*r + 150 = -4*x - 126, r = 0. Let m be (-12)/(-32)*4*-260. Let l = x - m. Is l prime?
False
Suppose 3*j = 5*j - 34. Suppose -4*o = -j + 5. Suppose o*d - 12 = 1233. Is d a composite number?
True
Let b = 3327 - 2213. Let d = b - 633. Is d composite?
True
Suppose 12 = 4*o + 5*s, 2*o + 5*s - 4 - 12 = 0. Let j be o + (-3)/9*0. Let q(v) = -9*v**3 + v**2 - v - 1. Is q(j) a prime number?
False
Let v = 2222 - 3371. Is v/(-15) - (-12)/30 composite?
True
Suppose -1647 = -3*h + 657. Let f = 1149 - h. Is f prime?
False
Let t(w) = -120*w**3 - w**2 - 3*w + 1. Let g be t(2). Is (-14)/(-91) - g/39 a prime number?
False
Is (10*(57294/(-12))/9)/(-1) prime?
False
Let z = 30 + 1. Suppose -s + 2*n = -21, -4*s + 4*n + 95 - z = 0. Is s a prime number?
True
Let d be (-2)/(-5) - 46*(-6)/60. Suppose d*y = 2290 - 225. Is y prime?
False
Let n(f) = f**2 - 4*f - 2. Suppose 4 = -4*r + 20. Let m be n(r). Let u(h) = 22*h**2 + h + 1. Is u(m) prime?
False
Let v = -14 - -17. Let w be (-16)/10 - v/(-5). Is -338*((-2)/(-4) + w) a prime number?
False
Let r(c) = -1790*c - 231. Is r(-13) composite?
False
Let y be (-33)/6*(-34)/1. Let f = -109 + 109. Suppose 3*r - 2596 + y = f. Is r prime?
False
Let p be 7 - 3*(-4)/12. Let z be 1*-28 - (-8)/p. Is ((-74)/3)/(6/z) prime?
False
Suppose -j +